s 36 divide 1780520?
False
Is 14238523 a multiple of 1847?
True
Does 52 divide 277241?
False
Is 7500485 a multiple of 1684?
False
Is 63 a factor of 237447?
True
Does 31 divide 27111608?
True
Is 90496 a multiple of 224?
True
Does 9 divide 661464?
True
Is 20 a factor of 80940?
True
Is 15 a factor of 154054?
False
Is 18 a factor of 35383?
False
Does 111 divide 1543122?
True
Is 126336 a multiple of 141?
True
Does 55 divide 3572965?
True
Is 352410 a multiple of 5?
True
Is 1016940 a multiple of 34?
True
Does 149 divide 154077?
False
Does 96 divide 574574?
False
Does 54 divide 2743902?
True
Does 107 divide 1018105?
True
Is 272 a factor of 1318112?
True
Is 1583378 a multiple of 214?
False
Does 10 divide 830562?
False
Does 6 divide 568012?
False
Is 13 a factor of 29331?
False
Is 122 a factor of 410530?
True
Is 3 a factor of 2350036?
False
Is 763646 a multiple of 13?
True
Is 188343 a multiple of 9?
True
Is 3 a factor of 60126?
True
Is 591075 a multiple of 45?
True
Is 779014 a multiple of 274?
False
Does 253 divide 165130?
False
Is 656 a factor of 7642400?
True
Is 398197 a multiple of 11?
False
Is 9335873 a multiple of 17?
True
Does 100 divide 1692000?
True
Does 21 divide 1864954?
False
Does 400 divide 733990?
False
Is 4 a factor of 29164?
True
Does 11 divide 439186?
True
Is 1520682 a multiple of 32?
False
Is 23 a factor of 137885?
True
Is 587136 a multiple of 33?
True
Does 14 divide 361659?
False
Is 143264 a multiple of 88?
True
Is 472 a factor of 237888?
True
Is 19 a factor of 50255?
True
Does 603 divide 1754127?
True
Is 1390235 a multiple of 115?
True
Does 30 divide 280148?
False
Is 214461 a multiple of 351?
True
Is 99 a factor of 5487471?
True
Is 3072263 a multiple of 13?
False
Is 180 a factor of 1171440?
True
Is 42 a factor of 2239057?
False
Is 383453 a multiple of 184?
False
Is 24 a factor of 205704?
True
Is 6 a factor of 219292?
False
Is 61 a factor of 2016?
False
Does 37 divide 2598989?
False
Is 462440 a multiple of 20?
True
Does 177 divide 114116?
False
Is 6368949 a multiple of 63?
False
Is 168206 a multiple of 417?
False
Does 15 divide 1513170?
True
Does 135 divide 168210?
True
Is 807124 a multiple of 1165?
False
Is 2514078 a multiple of 14?
True
Does 36 divide 217729?
False
Is 16 a factor of 264080?
True
Is 1489348 a multiple of 585?
False
Is 248 a factor of 911517?
False
Does 166 divide 8074218?
False
Is 11 a factor of 282114?
False
Is 21 a factor of 1108031?
False
Is 3971550 a multiple of 84?
False
Does 136 divide 32096?
True
Does 263 divide 853486?
False
Is 184 a factor of 458837?
False
Is 2036326 a multiple of 16?
False
Does 8 divide 83830?
False
Is 24 a factor of 1351584?
True
Is 733 a factor of 236026?
True
Is 589 a factor of 236795?
False
Is 1438122 a multiple of 679?
True
Does 24 divide 10311939?
False
Does 55 divide 9107010?
True
Is 24 a factor of 637860?
False
Does 60 divide 436620?
True
Is 63 a factor of 165980?
False
Is 12240 a multiple of 10?
True
Is 559313 a multiple of 1405?
False
Is 28363 a multiple of 16?
False
Is 3504192 a multiple of 51?
False
Does 304 divide 89984?
True
Does 278 divide 1697746?
True
Is 25 a factor of 17825?
True
Is 1128362 a multiple of 81?
False
Is 42483 a multiple of 13?
False
Is 2427656 a multiple of 1126?
True
Is 19 a factor of 4398633?
True
Is 69 a factor of 73695?
False
Is 384970 a multiple of 293?
False
Is 12 a factor of 310692?
True
Does 12 divide 2754525?
False
Is 7 a factor of 30276?
False
Does 38 divide 1620934?
False
Does 3 divide 50800?
False
Is 653 a factor of 1213274?
True
Does 8 divide 3608834?
False
Is 6 a factor of 224987?
False
Is 58 a factor of 842160?
True
Is 60 a factor of 258120?
True
Does 93 divide 465?
True
Is 60 a factor of 2340379?
False
Is 4225060 a multiple of 4?
True
Is 411551 a multiple of 259?
True
Is 23 a factor of 11263353?
True
Is 53 a factor of 172338?
False
Does 318 divide 478272?
True
Is 64 a factor of 2385856?
True
Is 2078475 a multiple of 175?
True
Is 16963128 a multiple of 72?
True
Is 52 a factor of 175916?
True
Is 2 a factor of 267?
False
Is 73 a factor of 835558?
True
Does 64 divide 416969?
False
Is 159 a factor of 1055283?
True
Does 121 divide 2249390?
True
Is 284 a factor of 1085164?
True
Is 104 a factor of 389272?
True
Is 12 a factor of 786070?
False
Is 7257 a multiple of 12?
False
Is 7 a factor of 61122?
False
Does 208 divide 363168?
True
Does 6 divide 277710?
True
Is 125794 a multiple of 143?
False
Does 114 divide 1241574?
True
Is 4 a factor of 135199?
False
Is 13 a factor of 493740?
True
Is 213668 a multiple of 39?
False
Is 8 a factor of 1842016?
True
Does 1040 divide 1828168?
False
Is 7080190 a multiple of 1391?
True
Is 173160 a multiple of 20?
True
Does 27 divide 78094?
False
Is 29 a factor of 2796548?
False
Is 7885 a multiple of 95?
True
Is 154124 a multiple of 35?
False
Does 220 divide 6862240?
True
Does 43 divide 188612?
False
Does 23 divide 212801?
False
Is 1175893 a multiple of 555?
False
Is 17 a factor of 2866742?
False
Is 5 a factor of 1194935?
True
Is 21 a factor of 971?
False
Is 276309 a multiple of 10?
False
Is 175667 a multiple of 6?
False
Does 21 divide 2242653?
True
Does 238 divide 11928?
False
Is 987670 a multiple of 31?
False
Is 341473 a multiple of 4?
False
Is 6977256 a multiple of 97?
False
Is 18 a factor of 131112?
True
Does 37 divide 2746042?
False
Does 55 divide 3085385?
False
Does 95 divide 26302?
False
Does 33 divide 826289?
False
Is 4932448 a multiple of 24?
False
Is 7 a factor of 37470?
False
Is 688 a factor of 820096?
True
Is 8713 a multiple of 2?
False
Does 526 divide 2934591?
False
Is 904648 a multiple of 441?
False
Is 7236172 a multiple of 293?
False
Is 29 a factor of 26041140?
False
Is 1335838 a multiple of 43?
True
Does 28 divide 173012?
True
Is 230608 a multiple of 14?
True
Is 649 a factor of 3799285?
False
Is 332535 a multiple of 328?
False
Does 5 divide 131218?
False
Is 13 a factor of 82290?
True
Is 8774 a multiple of 92?
False
Is 127 a factor of 43478?
False
Is 113549 a multiple of 271?
True
Is 1917987 a multiple of 23?
False
Is 712344 a multiple of 2?
True
Is 121 a factor of 92025?
False
Is 1006720 a multiple of 10?
True
Is 113674 a multiple of 14?
False
Does 239 divide 161803?
True
Is 967344 a multiple of 54?
False
Does 10 divide 2473440?
True
Is 134 a factor of 4406590?
True
Does 26 divide 28132?
True
Is 999649 a multiple of 6?
False
Does 269 divide 1326439?
True
Does 85 divide 7480?
True
Is 5 a factor of 911600?
True
Is 56 a factor of 151088?
True
Is 97 a factor of 109930?
False
Is 21012160 a multiple of 80?
True
Is 51 a factor of 252757?
False
Is 8 a factor of 57041?
False
Does 37 divide 8177?
True
Does 46 divide 18258103?
False
Is 285 a factor of 12363015?
True
Is 7946 a multiple of 2?
True
Is 38908 a multiple of 71?
True
Does 201 divide 235371?
True
Does 1543 divide 4393837?
False
Is 16 a factor of 2649248?
True
Does 96 divide 1810925?
False
Is 70 a factor of 186620?
True
Is 356382 a multiple of 234?
True
Is 93 a factor of 25277958?
True
Is 184 a factor of 645472?
True
Is 80398 a multiple of 6?
False
Does 154 divide 6614946?
False
Does 1243 divide 3190781?
True
Does 364 divide 3627128?
False
Does 19 divide 200879?
False
Is 57 a factor of 838170?
False
Is 2 a factor of 70364?
True
Is 2249609 a multiple of 998?
False
Does 4 divide 37043?
False
Is 668964 a multiple of 428?
True
Is 3 a factor of 717233?
False
Is 16 a factor of 247313?
False
Is 932421 a multiple of 2?
False
Is 11 a factor of 4499?
True
Does 20 divide 2747300?
True
Is 15210 a multiple of 18?
True
Does 399 divide 447546?
False
Is 432889 a multiple of 731?
False
Does 24 divide 3240280?
False
Does 59 divide 509598?
False
Is 11 a factor of 986119?
False
Is 2824011 a multiple of 91?
False
Is 11 a factor of 224554?
True
Is 23 a factor of 330537?
False
Is 25 a factor of 1421201?
False
Is 265 a factor of 699430?
False
Does 130 divide 366340?
True
Is 161 a factor of 93058?
True
Is 624 a factor of 160927?
False
Does 45 divide 8093520?
True
Does 220 divide 663337?
False
Is 256 a factor of 482713?
False
Does 12 divide 1128048?
True
Is 39 a factor of 12640134?
True
Does 18 divide 12001968?
True
Is 254475 a multiple of 45?
True
Does 28 divide 68130?
False
Does 13 divide 1668419?
False
Does 248 divide 22072?
True
Does 550 divide 720623?
False
Is 11 a factor of 28611